{"id":1082,"date":"2024-09-10T20:25:21","date_gmt":"2024-09-10T18:25:21","guid":{"rendered":"https:\/\/www.cvsolutions.com.py\/?post_type=product&#038;p=1082"},"modified":"2024-09-10T20:25:21","modified_gmt":"2024-09-10T18:25:21","slug":"cafetera-oster-bvstdcs12b-053-12-tazas","status":"publish","type":"product","link":"https:\/\/www.cvsolutions.com.py\/?product=cafetera-oster-bvstdcs12b-053-12-tazas","title":{"rendered":"CAFETERA OSTER BVSTDCS12B-053 12 TAZAS"},"content":{"rendered":"<h4>\u00a1Despierta con el aroma de caf\u00e9! Comienza tus d\u00edas activado con el sabor de un buen caf\u00e9 gracias a la prestigiosa marca Oster. Esta cafetera presenta un modelo por filtro y goteo, los cuales ir\u00e1n a un deposito que alcanzar\u00e1 hasta para 12 tazas. Asimismo, cuenta con un dise\u00f1o elegante que te encantar\u00e1 y se ver\u00e1 perfecto en tu cocina u oficina. La Oster BVSTDCS12B tiene una potencia de 1000W y una canasta removible facilita su llenado y limpieza. Ten siempre tu caf\u00e9 caliente con su funci\u00f3n Keep Warm que mantiene caliente por hasta 2 horas.<\/h4>\n","protected":false},"excerpt":{"rendered":"<p><strong>Especificaciones<\/strong><\/p>\n<ul>\n<li>    Alto: 34.4 cm<\/li>\n<li>    Ancho: 33 cm<\/li>\n<li>    Profundidad: 22 cm<\/li>\n<li>    Peso (kg): 1.9 cm<\/li>\n<li>    Tipo: Filtro y Goteo<\/li>\n<li>    Luz indicadora de encendido: Si<\/li>\n<li>    Potencia: 1000 W<\/li>\n<li>    Filtro: Si<\/li>\n<li>    Funci\u00f3n para mantener caf\u00e9 caliente: Si<\/li>\n<li>    Capacidad: 12 tazas<\/li>\n<\/ul>\n","protected":false},"featured_media":1083,"comment_status":"open","ping_status":"closed","template":"","meta":{"site-sidebar-layout":"default","site-content-layout":"","ast-site-content-layout":"default","site-content-style":"default","site-sidebar-style":"default","ast-global-header-display":"","ast-banner-title-visibility":"","ast-main-header-display":"","ast-hfb-above-header-display":"","ast-hfb-below-header-display":"","ast-hfb-mobile-header-display":"","site-post-title":"","ast-breadcrumbs-content":"","ast-featured-img":"","footer-sml-layout":"","theme-transparent-header-meta":"default","adv-header-id-meta":"","stick-header-meta":"","header-above-stick-meta":"","header-main-stick-meta":"","header-below-stick-meta":"","astra-migrate-meta-layouts":"set","ast-page-background-enabled":"default","ast-page-background-meta":{"desktop":{"background-color":"var(--ast-global-color-4)","background-image":"","background-repeat":"repeat","background-position":"center center","background-size":"auto","background-attachment":"scroll","background-type":"","background-media":"","overlay-type":"","overlay-color":"","overlay-opacity":"","overlay-gradient":""},"tablet":{"background-color":"","background-image":"","background-repeat":"repeat","background-position":"center center","background-size":"auto","background-attachment":"scroll","background-type":"","background-media":"","overlay-type":"","overlay-color":"","overlay-opacity":"","overlay-gradient":""},"mobile":{"background-color":"","background-image":"","background-repeat":"repeat","background-position":"center center","background-size":"auto","background-attachment":"scroll","background-type":"","background-media":"","overlay-type":"","overlay-color":"","overlay-opacity":"","overlay-gradient":""}},"ast-content-background-meta":{"desktop":{"background-color":"var(--ast-global-color-5)","background-image":"","background-repeat":"repeat","background-position":"center center","background-size":"auto","background-attachment":"scroll","background-type":"","background-media":"","overlay-type":"","overlay-color":"","overlay-opacity":"","overlay-gradient":""},"tablet":{"background-color":"var(--ast-global-color-5)","background-image":"","background-repeat":"repeat","background-position":"center center","background-size":"auto","background-attachment":"scroll","background-type":"","background-media":"","overlay-type":"","overlay-color":"","overlay-opacity":"","overlay-gradient":""},"mobile":{"background-color":"var(--ast-global-color-5)","background-image":"","background-repeat":"repeat","background-position":"center center","background-size":"auto","background-attachment":"scroll","background-type":"","background-media":"","overlay-type":"","overlay-color":"","overlay-opacity":"","overlay-gradient":""}}},"product_cat":[23,20],"product_tag":[],"_links":{"self":[{"href":"https:\/\/www.cvsolutions.com.py\/index.php?rest_route=\/wp\/v2\/product\/1082"}],"collection":[{"href":"https:\/\/www.cvsolutions.com.py\/index.php?rest_route=\/wp\/v2\/product"}],"about":[{"href":"https:\/\/www.cvsolutions.com.py\/index.php?rest_route=\/wp\/v2\/types\/product"}],"replies":[{"embeddable":true,"href":"https:\/\/www.cvsolutions.com.py\/index.php?rest_route=%2Fwp%2Fv2%2Fcomments&post=1082"}],"wp:featuredmedia":[{"embeddable":true,"href":"https:\/\/www.cvsolutions.com.py\/index.php?rest_route=\/wp\/v2\/media\/1083"}],"wp:attachment":[{"href":"https:\/\/www.cvsolutions.com.py\/index.php?rest_route=%2Fwp%2Fv2%2Fmedia&parent=1082"}],"wp:term":[{"taxonomy":"product_cat","embeddable":true,"href":"https:\/\/www.cvsolutions.com.py\/index.php?rest_route=%2Fwp%2Fv2%2Fproduct_cat&post=1082"},{"taxonomy":"product_tag","embeddable":true,"href":"https:\/\/www.cvsolutions.com.py\/index.php?rest_route=%2Fwp%2Fv2%2Fproduct_tag&post=1082"}],"curies":[{"name":"wp","href":"https:\/\/api.w.org\/{rel}","templated":true}]}}