{"id":118,"date":"2024-06-19T15:46:15","date_gmt":"2024-06-19T13:46:15","guid":{"rendered":"https:\/\/www.cvsolutions.com.py\/?post_type=product&#038;p=118"},"modified":"2025-05-03T21:05:49","modified_gmt":"2025-05-03T19:05:49","slug":"tv-midas-50-md-smtv50a-led-smart-uhd","status":"publish","type":"product","link":"https:\/\/www.cvsolutions.com.py\/?product=tv-midas-50-md-smtv50a-led-smart-uhd","title":{"rendered":"TV MIDAS 50&#8243; MD-SMTV50A LED SMART UHD"},"content":{"rendered":"<p>Con el Televisor Midas TV MIDAS 50&#8243; MD-SMTV50A; Disfruta de tus contenidos favoritos en la resoluci\u00f3n 4K UHD, posee accesos a la mayor cantidad de plataformas de streaming del mercado. Cuenta con 50&#8243; y un cuerpo frameless que ampl\u00eda la visual de los contenidos. Cuenta con con doble control remoto, incluyendo un Control M\u00e1gico, que permite usar el puntero como un Mouse y Teclado QWERTY en la parte posterior que te permite buscar tus pel\u00edculas y series de forma \u00e1gil y precisa.<\/p>\n","protected":false},"excerpt":{"rendered":"<p><strong>DESCRIPCION DEL PRODUCTO<\/strong><\/p>\n<ul>\n<li><big>Resoluci\u00f3n ULTRA HD | 3840 x 2160 P<\/big><\/li>\n<li><big>Incluye Soporte Pared<\/big><\/li>\n<li><big>Cuenta con Coble Control ( Incluyendo un control AirMousse con teclado QWERTY)<\/big><\/li>\n<li><big>Color: Negro<\/big><\/li>\n<li><big>Tama\u00f1o de la Pantalla 50 pulgadas ( Dise\u00f1o sin marcos Frameless )<\/big><\/li>\n<li><big>Sistema Operativo Android OS 11<\/big><\/li>\n<li><big>Patas y Soporte de Pared Incluidos<\/big><\/li>\n<li><big>Ultra Ligera compatible con miles de Soportes en el Mercado.<\/big><\/li>\n<li><big>Compatible con Netflix, Youtube, PrimeVideo, Disney +<\/big><\/li>\n<li><big>Protectores de Telgopor para su f\u00e1cil instalaci\u00f3n<\/big><\/li>\n<li><big>Compatible con entradas HDMI (X3), USB (X2), CVBS y AUDIO I\/D, COAXIAL<\/big><\/li>\n<li><big>Compatible con AURICULARES<\/big><\/li>\n<li><big>Funci\u00f3n \u2192 Comparte tu pantalla \u2022 ALTAVOCES INTEGRADOS<\/big><\/li>\n<li><big>Sin fijaciones aparentes (remaches, tornillos, clips, etc.)<\/big><\/li>\n<li><big>Sintonizador Digital ( ISDBT ), WIFI<\/big><\/li>\n<\/ul>\n","protected":false},"featured_media":189,"comment_status":"open","ping_status":"closed","template":"","meta":{"site-sidebar-layout":"default","site-content-layout":"","ast-site-content-layout":"default","site-content-style":"default","site-sidebar-style":"default","ast-global-header-display":"","ast-banner-title-visibility":"","ast-main-header-display":"","ast-hfb-above-header-display":"","ast-hfb-below-header-display":"","ast-hfb-mobile-header-display":"","site-post-title":"","ast-breadcrumbs-content":"","ast-featured-img":"","footer-sml-layout":"","theme-transparent-header-meta":"default","adv-header-id-meta":"","stick-header-meta":"","header-above-stick-meta":"","header-main-stick-meta":"","header-below-stick-meta":"","astra-migrate-meta-layouts":"set","ast-page-background-enabled":"default","ast-page-background-meta":{"desktop":{"background-color":"var(--ast-global-color-4)","background-image":"","background-repeat":"repeat","background-position":"center center","background-size":"auto","background-attachment":"scroll","background-type":"","background-media":"","overlay-type":"","overlay-color":"","overlay-opacity":"","overlay-gradient":""},"tablet":{"background-color":"","background-image":"","background-repeat":"repeat","background-position":"center center","background-size":"auto","background-attachment":"scroll","background-type":"","background-media":"","overlay-type":"","overlay-color":"","overlay-opacity":"","overlay-gradient":""},"mobile":{"background-color":"","background-image":"","background-repeat":"repeat","background-position":"center center","background-size":"auto","background-attachment":"scroll","background-type":"","background-media":"","overlay-type":"","overlay-color":"","overlay-opacity":"","overlay-gradient":""}},"ast-content-background-meta":{"desktop":{"background-color":"var(--ast-global-color-5)","background-image":"","background-repeat":"repeat","background-position":"center center","background-size":"auto","background-attachment":"scroll","background-type":"","background-media":"","overlay-type":"","overlay-color":"","overlay-opacity":"","overlay-gradient":""},"tablet":{"background-color":"var(--ast-global-color-5)","background-image":"","background-repeat":"repeat","background-position":"center center","background-size":"auto","background-attachment":"scroll","background-type":"","background-media":"","overlay-type":"","overlay-color":"","overlay-opacity":"","overlay-gradient":""},"mobile":{"background-color":"var(--ast-global-color-5)","background-image":"","background-repeat":"repeat","background-position":"center center","background-size":"auto","background-attachment":"scroll","background-type":"","background-media":"","overlay-type":"","overlay-color":"","overlay-opacity":"","overlay-gradient":""}}},"product_cat":[17,32],"product_tag":[],"_links":{"self":[{"href":"https:\/\/www.cvsolutions.com.py\/index.php?rest_route=\/wp\/v2\/product\/118"}],"collection":[{"href":"https:\/\/www.cvsolutions.com.py\/index.php?rest_route=\/wp\/v2\/product"}],"about":[{"href":"https:\/\/www.cvsolutions.com.py\/index.php?rest_route=\/wp\/v2\/types\/product"}],"replies":[{"embeddable":true,"href":"https:\/\/www.cvsolutions.com.py\/index.php?rest_route=%2Fwp%2Fv2%2Fcomments&post=118"}],"wp:featuredmedia":[{"embeddable":true,"href":"https:\/\/www.cvsolutions.com.py\/index.php?rest_route=\/wp\/v2\/media\/189"}],"wp:attachment":[{"href":"https:\/\/www.cvsolutions.com.py\/index.php?rest_route=%2Fwp%2Fv2%2Fmedia&parent=118"}],"wp:term":[{"taxonomy":"product_cat","embeddable":true,"href":"https:\/\/www.cvsolutions.com.py\/index.php?rest_route=%2Fwp%2Fv2%2Fproduct_cat&post=118"},{"taxonomy":"product_tag","embeddable":true,"href":"https:\/\/www.cvsolutions.com.py\/index.php?rest_route=%2Fwp%2Fv2%2Fproduct_tag&post=118"}],"curies":[{"name":"wp","href":"https:\/\/api.w.org\/{rel}","templated":true}]}}