{"id":157,"date":"2024-06-19T15:47:05","date_gmt":"2024-06-19T13:47:05","guid":{"rendered":"https:\/\/www.cvsolutions.com.py\/?post_type=product&#038;p=157"},"modified":"2025-04-28T17:35:20","modified_gmt":"2025-04-28T15:35:20","slug":"hidrolavadora-karcher-k3-deluxe","status":"publish","type":"product","link":"https:\/\/www.cvsolutions.com.py\/?product=hidrolavadora-karcher-k3-deluxe","title":{"rendered":"HIDROLAVADORA KARCHER K3 DELUXE"},"content":{"rendered":"<p>El K 3 Deluxe Premium es perfecto para limpiar suciedad moderada en coches o zonas medianas del hogar. La presi\u00f3n del agua se puede ajustar f\u00e1cilmente girando la lanza pulverizadora Vario Power. Seg\u00fan la tarea de limpieza y nivel de contaminaci\u00f3n. El limpiador de suciedad independiente es adecuado para la suciedad m\u00e1s dif\u00edcil gracias a su chorro puntual giratorio. Adem\u00e1s, el aparato dispone de un enrollador de manguera, un asa telesc\u00f3pica para un transporte c\u00f3modo y soportes para accesorios que estar\u00e1n siempre a mano.<\/p>\n","protected":false},"excerpt":{"rendered":"<ul>\n<li>Tensi\u00f3n de alimentaci\u00f3n (V\/Hz): 230 \/ 50<\/li>\n<li>Presi\u00f3n (bar): m\u00e1x. 120<\/li>\n<li>Tasa de flujo (l\/h): m\u00e1x. 380<\/li>\n<li>Rendimiento del \u00e1rea (pies\u00b2): 25<\/li>\n<li>Temperatura de entrada (\u00baC): m\u00e1x. 40<\/li>\n<li>Carga conectada (W): 1600<\/li>\n<li>Peso sin accesorios (kg): 12.1<\/li>\n<li>Peso incluido. embalaje (kg): 16.1<\/li>\n<li>Dimensiones (largo x ancho x alto) (mm): 394 x 368 x 667<\/li>\n<li>Accesorios: Pistola, dos lanzas y la manguera que tiene arriba en el carretel.<\/li>\n<\/ul>\n","protected":false},"featured_media":223,"comment_status":"open","ping_status":"closed","template":"","meta":{"site-sidebar-layout":"default","site-content-layout":"","ast-site-content-layout":"default","site-content-style":"default","site-sidebar-style":"default","ast-global-header-display":"","ast-banner-title-visibility":"","ast-main-header-display":"","ast-hfb-above-header-display":"","ast-hfb-below-header-display":"","ast-hfb-mobile-header-display":"","site-post-title":"","ast-breadcrumbs-content":"","ast-featured-img":"","footer-sml-layout":"","theme-transparent-header-meta":"default","adv-header-id-meta":"","stick-header-meta":"","header-above-stick-meta":"","header-main-stick-meta":"","header-below-stick-meta":"","astra-migrate-meta-layouts":"set","ast-page-background-enabled":"default","ast-page-background-meta":{"desktop":{"background-color":"var(--ast-global-color-4)","background-image":"","background-repeat":"repeat","background-position":"center center","background-size":"auto","background-attachment":"scroll","background-type":"","background-media":"","overlay-type":"","overlay-color":"","overlay-opacity":"","overlay-gradient":""},"tablet":{"background-color":"","background-image":"","background-repeat":"repeat","background-position":"center center","background-size":"auto","background-attachment":"scroll","background-type":"","background-media":"","overlay-type":"","overlay-color":"","overlay-opacity":"","overlay-gradient":""},"mobile":{"background-color":"","background-image":"","background-repeat":"repeat","background-position":"center center","background-size":"auto","background-attachment":"scroll","background-type":"","background-media":"","overlay-type":"","overlay-color":"","overlay-opacity":"","overlay-gradient":""}},"ast-content-background-meta":{"desktop":{"background-color":"var(--ast-global-color-5)","background-image":"","background-repeat":"repeat","background-position":"center center","background-size":"auto","background-attachment":"scroll","background-type":"","background-media":"","overlay-type":"","overlay-color":"","overlay-opacity":"","overlay-gradient":""},"tablet":{"background-color":"var(--ast-global-color-5)","background-image":"","background-repeat":"repeat","background-position":"center center","background-size":"auto","background-attachment":"scroll","background-type":"","background-media":"","overlay-type":"","overlay-color":"","overlay-opacity":"","overlay-gradient":""},"mobile":{"background-color":"var(--ast-global-color-5)","background-image":"","background-repeat":"repeat","background-position":"center center","background-size":"auto","background-attachment":"scroll","background-type":"","background-media":"","overlay-type":"","overlay-color":"","overlay-opacity":"","overlay-gradient":""}}},"product_cat":[94,40],"product_tag":[],"_links":{"self":[{"href":"https:\/\/www.cvsolutions.com.py\/index.php?rest_route=\/wp\/v2\/product\/157"}],"collection":[{"href":"https:\/\/www.cvsolutions.com.py\/index.php?rest_route=\/wp\/v2\/product"}],"about":[{"href":"https:\/\/www.cvsolutions.com.py\/index.php?rest_route=\/wp\/v2\/types\/product"}],"replies":[{"embeddable":true,"href":"https:\/\/www.cvsolutions.com.py\/index.php?rest_route=%2Fwp%2Fv2%2Fcomments&post=157"}],"wp:featuredmedia":[{"embeddable":true,"href":"https:\/\/www.cvsolutions.com.py\/index.php?rest_route=\/wp\/v2\/media\/223"}],"wp:attachment":[{"href":"https:\/\/www.cvsolutions.com.py\/index.php?rest_route=%2Fwp%2Fv2%2Fmedia&parent=157"}],"wp:term":[{"taxonomy":"product_cat","embeddable":true,"href":"https:\/\/www.cvsolutions.com.py\/index.php?rest_route=%2Fwp%2Fv2%2Fproduct_cat&post=157"},{"taxonomy":"product_tag","embeddable":true,"href":"https:\/\/www.cvsolutions.com.py\/index.php?rest_route=%2Fwp%2Fv2%2Fproduct_tag&post=157"}],"curies":[{"name":"wp","href":"https:\/\/api.w.org\/{rel}","templated":true}]}}