{"id":1719,"date":"2025-01-22T16:43:48","date_gmt":"2025-01-22T15:43:48","guid":{"rendered":"https:\/\/www.cvsolutions.com.py\/?post_type=product&#038;p=1719"},"modified":"2026-01-12T19:00:30","modified_gmt":"2026-01-12T18:00:30","slug":"lavarropas-whirlpool-wwi11ai-11kg-inverter-carga-sup-sand-gold-700rpm","status":"publish","type":"product","link":"https:\/\/www.cvsolutions.com.py\/?product=lavarropas-whirlpool-wwi11ai-11kg-inverter-carga-sup-sand-gold-700rpm","title":{"rendered":"LAVARROPAS WHIRLPOOL WWI11AI 11KG INVERTER CARGA SUP SAND GOLD 700RPM"},"content":{"rendered":"<p class=\"tt-collapse-content tt-collapse-text-ficha\">* Tecnolog\u00eda 6th sense Optimiza el consumo de agua, energ\u00eda y la duraci\u00f3n del ciclo a la carga del lavado.<br \/>\n* REMOCI\u00d3N DE MANCHAS perfil de temperatura optimizado para la remoci\u00f3n de manchas en la ropa.<br \/>\n* CALENTADOR INTERNO ajuste de temperatura en 4 niveles fr\u00eda, 25\u00b0, 35\u00b0 y 45\u00b0.<br \/>\n* Xpert Inverter Motor m\u00e1s durable, ahorra energ\u00eda, reduce ruido y vibraciones.<br \/>\n* TECNOLOG\u00cdA 6TH SENSE optimizaci\u00f3n al m\u00e1ximo de los lavados.<br \/>\n* Capacidad de lavado 11 kg.<br \/>\n* Peso del producto 34 kg.<br \/>\n* Potencia 750 RPM.<br \/>\n* 8 ciclos de lavado.<br \/>\n* Panel touch.<br \/>\n<strong>MEDIDAS DEL PRODUCTO.<\/strong><br \/>\n* Alto 96,5 cm.<br \/>\n* Ancho 54 cm.<br \/>\n* Profundidad 56,8 cm.<\/p>\n","protected":false},"excerpt":{"rendered":"<ol data-start=\"60\" data-end=\"1180\">\n<li class=\"\" data-start=\"60\" data-end=\"165\">\n<p class=\"\" data-start=\"63\" data-end=\"165\"><strong data-start=\"63\" data-end=\"82\">Motor Inverter:<\/strong> Proporciona un alto rendimiento y eficiencia, mejorando el rendimiento del lavado.<\/p>\n","protected":false},"featured_media":1850,"comment_status":"open","ping_status":"closed","template":"","meta":{"site-sidebar-layout":"default","site-content-layout":"","ast-site-content-layout":"default","site-content-style":"default","site-sidebar-style":"default","ast-global-header-display":"","ast-banner-title-visibility":"","ast-main-header-display":"","ast-hfb-above-header-display":"","ast-hfb-below-header-display":"","ast-hfb-mobile-header-display":"","site-post-title":"","ast-breadcrumbs-content":"","ast-featured-img":"","footer-sml-layout":"","theme-transparent-header-meta":"default","adv-header-id-meta":"","stick-header-meta":"","header-above-stick-meta":"","header-main-stick-meta":"","header-below-stick-meta":"","astra-migrate-meta-layouts":"set","ast-page-background-enabled":"default","ast-page-background-meta":{"desktop":{"background-color":"var(--ast-global-color-4)","background-image":"","background-repeat":"repeat","background-position":"center center","background-size":"auto","background-attachment":"scroll","background-type":"","background-media":"","overlay-type":"","overlay-color":"","overlay-opacity":"","overlay-gradient":""},"tablet":{"background-color":"","background-image":"","background-repeat":"repeat","background-position":"center center","background-size":"auto","background-attachment":"scroll","background-type":"","background-media":"","overlay-type":"","overlay-color":"","overlay-opacity":"","overlay-gradient":""},"mobile":{"background-color":"","background-image":"","background-repeat":"repeat","background-position":"center center","background-size":"auto","background-attachment":"scroll","background-type":"","background-media":"","overlay-type":"","overlay-color":"","overlay-opacity":"","overlay-gradient":""}},"ast-content-background-meta":{"desktop":{"background-color":"var(--ast-global-color-5)","background-image":"","background-repeat":"repeat","background-position":"center center","background-size":"auto","background-attachment":"scroll","background-type":"","background-media":"","overlay-type":"","overlay-color":"","overlay-opacity":"","overlay-gradient":""},"tablet":{"background-color":"var(--ast-global-color-5)","background-image":"","background-repeat":"repeat","background-position":"center center","background-size":"auto","background-attachment":"scroll","background-type":"","background-media":"","overlay-type":"","overlay-color":"","overlay-opacity":"","overlay-gradient":""},"mobile":{"background-color":"var(--ast-global-color-5)","background-image":"","background-repeat":"repeat","background-position":"center center","background-size":"auto","background-attachment":"scroll","background-type":"","background-media":"","overlay-type":"","overlay-color":"","overlay-opacity":"","overlay-gradient":""}}},"product_cat":[34,38],"product_tag":[],"_links":{"self":[{"href":"https:\/\/www.cvsolutions.com.py\/index.php?rest_route=\/wp\/v2\/product\/1719"}],"collection":[{"href":"https:\/\/www.cvsolutions.com.py\/index.php?rest_route=\/wp\/v2\/product"}],"about":[{"href":"https:\/\/www.cvsolutions.com.py\/index.php?rest_route=\/wp\/v2\/types\/product"}],"replies":[{"embeddable":true,"href":"https:\/\/www.cvsolutions.com.py\/index.php?rest_route=%2Fwp%2Fv2%2Fcomments&post=1719"}],"wp:featuredmedia":[{"embeddable":true,"href":"https:\/\/www.cvsolutions.com.py\/index.php?rest_route=\/wp\/v2\/media\/1850"}],"wp:attachment":[{"href":"https:\/\/www.cvsolutions.com.py\/index.php?rest_route=%2Fwp%2Fv2%2Fmedia&parent=1719"}],"wp:term":[{"taxonomy":"product_cat","embeddable":true,"href":"https:\/\/www.cvsolutions.com.py\/index.php?rest_route=%2Fwp%2Fv2%2Fproduct_cat&post=1719"},{"taxonomy":"product_tag","embeddable":true,"href":"https:\/\/www.cvsolutions.com.py\/index.php?rest_route=%2Fwp%2Fv2%2Fproduct_tag&post=1719"}],"curies":[{"name":"wp","href":"https:\/\/api.w.org\/{rel}","templated":true}]}}