{"id":2095,"date":"2025-04-10T18:54:16","date_gmt":"2025-04-10T16:54:16","guid":{"rendered":"https:\/\/www.cvsolutions.com.py\/?post_type=product&#038;p=2095"},"modified":"2025-04-10T18:54:16","modified_gmt":"2025-04-10T16:54:16","slug":"horno-electrico-ariston-fa3540hixa-66l-inox-digital","status":"publish","type":"product","link":"https:\/\/www.cvsolutions.com.py\/?product=horno-electrico-ariston-fa3540hixa-66l-inox-digital","title":{"rendered":"HORNO ELECTRICO ARISTON FA3540HIXA 66L INOX DIGITAL"},"content":{"rendered":"<p>El Horno El\u00e9ctrico Ariston FA3540HIXA Inox Digital es de dise\u00f1o elegante. Este horno le brindar\u00e1 a tu cocina un estilo sofisticado y te dar\u00e1 la posibilidad de ahorrar m\u00e1s espacio. Cuenta co una gran capacidad, su volumen de 66L lo convierte en tu mejor aliado para agasajar a varios invitados. Lucete en la cocina con platos originales y deliciosos. Mant\u00e9n el sabor, con su funci\u00f3n de grill conseguir\u00e1s que los alimentos queden dorados, crocantes y ricos. Es ideal para cocinar y calentar pizzas, empanadas y tartas. Y para que no se te pase, el timer programable te va a ayudar a graduar el tiempo preciso en cada receta. Adem\u00e1s, con el termostato ajustable vas a poder manejar el calor adecuado y lograr el punto justo.<\/p>\n","protected":false},"excerpt":{"rendered":"<h5 class=\"tt-collapse-title\">Descripci\u00f3n<\/h5>\n<h5 class=\"tt-collapse-content tt-collapse-text-ficha\">* Tecnolog\u00eda Multiflow Diamond Clean Tecnolog\u00eda exclusiva que utiliza vapor para limpiar el horno sin necesidad de detergentes.<br \/>\n* Grill el\u00e9ctrico &#8211; Luz autom\u00e1tica &#8211; Temporizador.<br \/>\n* Eficiencia energ\u00e9tica A.<br \/>\n* Rejillas Shelf-Stopper.<br \/>\n* Panel LED + Perillas.<br \/>\n* Capacidad 66 litros.<br \/>\n* Puerta Soft Closing.<\/p>\n<p>MEDIDAS DEL PRODUCTO.<br \/>\n* Altura 59,5 cm.<br \/>\n* Ancho 59,5 cm.<br \/>\n* Profundidad 55,1 cm.<\/h5>\n","protected":false},"featured_media":2096,"comment_status":"open","ping_status":"closed","template":"","meta":{"site-sidebar-layout":"default","site-content-layout":"","ast-site-content-layout":"default","site-content-style":"default","site-sidebar-style":"default","ast-global-header-display":"","ast-banner-title-visibility":"","ast-main-header-display":"","ast-hfb-above-header-display":"","ast-hfb-below-header-display":"","ast-hfb-mobile-header-display":"","site-post-title":"","ast-breadcrumbs-content":"","ast-featured-img":"","footer-sml-layout":"","theme-transparent-header-meta":"default","adv-header-id-meta":"","stick-header-meta":"","header-above-stick-meta":"","header-main-stick-meta":"","header-below-stick-meta":"","astra-migrate-meta-layouts":"set","ast-page-background-enabled":"default","ast-page-background-meta":{"desktop":{"background-color":"var(--ast-global-color-4)","background-image":"","background-repeat":"repeat","background-position":"center center","background-size":"auto","background-attachment":"scroll","background-type":"","background-media":"","overlay-type":"","overlay-color":"","overlay-opacity":"","overlay-gradient":""},"tablet":{"background-color":"","background-image":"","background-repeat":"repeat","background-position":"center center","background-size":"auto","background-attachment":"scroll","background-type":"","background-media":"","overlay-type":"","overlay-color":"","overlay-opacity":"","overlay-gradient":""},"mobile":{"background-color":"","background-image":"","background-repeat":"repeat","background-position":"center center","background-size":"auto","background-attachment":"scroll","background-type":"","background-media":"","overlay-type":"","overlay-color":"","overlay-opacity":"","overlay-gradient":""}},"ast-content-background-meta":{"desktop":{"background-color":"var(--ast-global-color-5)","background-image":"","background-repeat":"repeat","background-position":"center center","background-size":"auto","background-attachment":"scroll","background-type":"","background-media":"","overlay-type":"","overlay-color":"","overlay-opacity":"","overlay-gradient":""},"tablet":{"background-color":"var(--ast-global-color-5)","background-image":"","background-repeat":"repeat","background-position":"center center","background-size":"auto","background-attachment":"scroll","background-type":"","background-media":"","overlay-type":"","overlay-color":"","overlay-opacity":"","overlay-gradient":""},"mobile":{"background-color":"var(--ast-global-color-5)","background-image":"","background-repeat":"repeat","background-position":"center center","background-size":"auto","background-attachment":"scroll","background-type":"","background-media":"","overlay-type":"","overlay-color":"","overlay-opacity":"","overlay-gradient":""}}},"product_cat":[20,75],"product_tag":[],"_links":{"self":[{"href":"https:\/\/www.cvsolutions.com.py\/index.php?rest_route=\/wp\/v2\/product\/2095"}],"collection":[{"href":"https:\/\/www.cvsolutions.com.py\/index.php?rest_route=\/wp\/v2\/product"}],"about":[{"href":"https:\/\/www.cvsolutions.com.py\/index.php?rest_route=\/wp\/v2\/types\/product"}],"replies":[{"embeddable":true,"href":"https:\/\/www.cvsolutions.com.py\/index.php?rest_route=%2Fwp%2Fv2%2Fcomments&post=2095"}],"wp:featuredmedia":[{"embeddable":true,"href":"https:\/\/www.cvsolutions.com.py\/index.php?rest_route=\/wp\/v2\/media\/2096"}],"wp:attachment":[{"href":"https:\/\/www.cvsolutions.com.py\/index.php?rest_route=%2Fwp%2Fv2%2Fmedia&parent=2095"}],"wp:term":[{"taxonomy":"product_cat","embeddable":true,"href":"https:\/\/www.cvsolutions.com.py\/index.php?rest_route=%2Fwp%2Fv2%2Fproduct_cat&post=2095"},{"taxonomy":"product_tag","embeddable":true,"href":"https:\/\/www.cvsolutions.com.py\/index.php?rest_route=%2Fwp%2Fv2%2Fproduct_tag&post=2095"}],"curies":[{"name":"wp","href":"https:\/\/api.w.org\/{rel}","templated":true}]}}