{"id":2206,"date":"2025-04-22T03:17:03","date_gmt":"2025-04-22T01:17:03","guid":{"rendered":"https:\/\/www.cvsolutions.com.py\/?post_type=product&#038;p=2206"},"modified":"2025-04-22T03:17:04","modified_gmt":"2025-04-22T01:17:04","slug":"panel-abba-2100-treviso-dj-bali-cedro","status":"publish","type":"product","link":"https:\/\/www.cvsolutions.com.py\/?product=panel-abba-2100-treviso-dj-bali-cedro","title":{"rendered":"PANEL ABBA 2100 TREVISO DJ BALI | CEDRO"},"content":{"rendered":"<h5>Este producto se entrega en cajas.<br \/>\nSu respectivo armaje se realizar\u00e1 en un plazo de 48 a 96 horas h\u00e1biles (hasta 7 d\u00edas h\u00e1biles en ciudades del interior) posterior a la entrega del producto.<\/h5>\n","protected":false},"excerpt":{"rendered":"<h6><span style=\"font-size: 1.7em; font-weight: bold;\">Informaci\u00f3n sobre este producto<\/span><\/h6>\n<div class=\"row\">\n<div class=\"col-sm-12\">\n<div class=\"\">\n<ul>\n<li>\n<h5>Panel con detalles ripados<\/h5>\n<\/li>\n<li>\n<h5>Panel central con esquinas redondeadas<\/h5>\n<\/li>\n<li>\n<h5>Iluminaci\u00f3n LED<\/h5>\n<\/li>\n<li>\n<h5>Parte superior biselada de 25 mm con esquinas redondeadas<\/h5>\n<\/li>\n<li>\n<h5>2 puertas basculantes con detalles de corte<\/h5>\n<\/li>\n<li>\n<h5>Soporta televisores de hasta 70\u2033<\/h5>\n<\/li>\n<li>\n<h5>Dimensiones: 2.10 \u00d7 1.80 \u00d7 0.325 m<\/h5>\n<\/li>\n<li>\n<h5>Peso: 95.5 kg<\/h5>\n<\/li>\n<\/ul>\n<\/div>\n<\/div>\n<\/div>\n","protected":false},"featured_media":2207,"comment_status":"open","ping_status":"closed","template":"","meta":{"site-sidebar-layout":"default","site-content-layout":"","ast-site-content-layout":"default","site-content-style":"default","site-sidebar-style":"default","ast-global-header-display":"","ast-banner-title-visibility":"","ast-main-header-display":"","ast-hfb-above-header-display":"","ast-hfb-below-header-display":"","ast-hfb-mobile-header-display":"","site-post-title":"","ast-breadcrumbs-content":"","ast-featured-img":"","footer-sml-layout":"","theme-transparent-header-meta":"default","adv-header-id-meta":"","stick-header-meta":"","header-above-stick-meta":"","header-main-stick-meta":"","header-below-stick-meta":"","astra-migrate-meta-layouts":"set","ast-page-background-enabled":"default","ast-page-background-meta":{"desktop":{"background-color":"var(--ast-global-color-4)","background-image":"","background-repeat":"repeat","background-position":"center center","background-size":"auto","background-attachment":"scroll","background-type":"","background-media":"","overlay-type":"","overlay-color":"","overlay-opacity":"","overlay-gradient":""},"tablet":{"background-color":"","background-image":"","background-repeat":"repeat","background-position":"center center","background-size":"auto","background-attachment":"scroll","background-type":"","background-media":"","overlay-type":"","overlay-color":"","overlay-opacity":"","overlay-gradient":""},"mobile":{"background-color":"","background-image":"","background-repeat":"repeat","background-position":"center center","background-size":"auto","background-attachment":"scroll","background-type":"","background-media":"","overlay-type":"","overlay-color":"","overlay-opacity":"","overlay-gradient":""}},"ast-content-background-meta":{"desktop":{"background-color":"var(--ast-global-color-5)","background-image":"","background-repeat":"repeat","background-position":"center center","background-size":"auto","background-attachment":"scroll","background-type":"","background-media":"","overlay-type":"","overlay-color":"","overlay-opacity":"","overlay-gradient":""},"tablet":{"background-color":"var(--ast-global-color-5)","background-image":"","background-repeat":"repeat","background-position":"center center","background-size":"auto","background-attachment":"scroll","background-type":"","background-media":"","overlay-type":"","overlay-color":"","overlay-opacity":"","overlay-gradient":""},"mobile":{"background-color":"var(--ast-global-color-5)","background-image":"","background-repeat":"repeat","background-position":"center center","background-size":"auto","background-attachment":"scroll","background-type":"","background-media":"","overlay-type":"","overlay-color":"","overlay-opacity":"","overlay-gradient":""}}},"product_cat":[76,89],"product_tag":[],"_links":{"self":[{"href":"https:\/\/www.cvsolutions.com.py\/index.php?rest_route=\/wp\/v2\/product\/2206"}],"collection":[{"href":"https:\/\/www.cvsolutions.com.py\/index.php?rest_route=\/wp\/v2\/product"}],"about":[{"href":"https:\/\/www.cvsolutions.com.py\/index.php?rest_route=\/wp\/v2\/types\/product"}],"replies":[{"embeddable":true,"href":"https:\/\/www.cvsolutions.com.py\/index.php?rest_route=%2Fwp%2Fv2%2Fcomments&post=2206"}],"wp:featuredmedia":[{"embeddable":true,"href":"https:\/\/www.cvsolutions.com.py\/index.php?rest_route=\/wp\/v2\/media\/2207"}],"wp:attachment":[{"href":"https:\/\/www.cvsolutions.com.py\/index.php?rest_route=%2Fwp%2Fv2%2Fmedia&parent=2206"}],"wp:term":[{"taxonomy":"product_cat","embeddable":true,"href":"https:\/\/www.cvsolutions.com.py\/index.php?rest_route=%2Fwp%2Fv2%2Fproduct_cat&post=2206"},{"taxonomy":"product_tag","embeddable":true,"href":"https:\/\/www.cvsolutions.com.py\/index.php?rest_route=%2Fwp%2Fv2%2Fproduct_tag&post=2206"}],"curies":[{"name":"wp","href":"https:\/\/api.w.org\/{rel}","templated":true}]}}