{"id":2717,"date":"2025-06-17T19:05:13","date_gmt":"2025-06-17T17:05:13","guid":{"rendered":"https:\/\/www.cvsolutions.com.py\/?post_type=product&#038;p=2717"},"modified":"2025-06-17T19:05:13","modified_gmt":"2025-06-17T17:05:13","slug":"secarropas-electrolux-9kg-edex09d5ew-carga-frontal-14prog-blanco","status":"publish","type":"product","link":"https:\/\/www.cvsolutions.com.py\/?product=secarropas-electrolux-9kg-edex09d5ew-carga-frontal-14prog-blanco","title":{"rendered":"SECARROPAS ELECTROLUX 9KG EDEX09D5EW CARGA FRONTAL 14PROG. BLANCO"},"content":{"rendered":"<h6>SECARROPAS ELECTROLUX 9KG EDEX09D5EW CARGA FRONTAL 14PROG. BLANCO<\/h6>\n","protected":false},"excerpt":{"rendered":"<ul>\n<li><strong>Tecnolog\u00eda Autosense<\/strong>: Mide la temperatura y la humedad para secar las prendas con precisi\u00f3n, manteni\u00e9ndolas como nuevas sin alterar sus caracter\u00edsticas generales.<\/li>\n<li><strong>Superior Color Care<\/strong>: Preserva el color de tus prendas favoritas hasta un 80% m\u00e1s, incluso despu\u00e9s de 52 ciclos de secado.<\/li>\n<li><strong>Reverse Action<\/strong>: Los movimientos alternados del tambor del secarropas, reducen las arrugas en hasta un 32%. Dejando tu ropa m\u00e1s f\u00e1cil de planchar.<\/li>\n<li><strong>Display Digital<\/strong>: Facilita la visualizaci\u00f3n del programa seleccionado, adem\u00e1s de informar cu\u00e1nto tiempo queda para finalizar el ciclo de secado.<\/li>\n<li><strong>12 Programas de Secado<\/strong>: Panel con programas de secado y selecci\u00f3n de tiempo para distintos tipos de prendas. Evita que se seque demasiado la ropa, lo que podr\u00eda da\u00f1ar las telas y dificultar el planchado.<\/li>\n<li><strong>Quita Olor<\/strong>: Elimina los olores no deseados con la funci\u00f3n Quita Olor. Tus prendas m\u00e1s queridas renovadas en tan solo 30 minutos.<\/li>\n<li><strong>Bloqueo para Ni\u00f1os<\/strong>: Permite bloquear el panel evitando que ni\u00f1os modifiquen o interrumpan el ciclo de secado.<\/li>\n<li><strong>Inicio Diferido<\/strong>: Funci\u00f3n que permite diferir el inicio del ciclo de secado entre 2 y hasta 24 horas, seg\u00fan la necesidad.<\/li>\n<li><strong>Auto Cool Down<\/strong>: Tecnolog\u00eda que enfr\u00eda el tambor y la ropa en los \u00faltimos minutos del ciclo, reduciendo las arrugas.<\/li>\n<li><strong>3 Tiempos de Secado<\/strong>: 3 opciones de ciclo de secado que se adaptan a tus necesidades de tiempo y tipo de prendas.<\/li>\n<li><strong>Lint Filter<\/strong>: Retiene pelusas que pueden quedar en la ropa despu\u00e9s del secado.<\/li>\n<li>Con 1 a\u00f1o de garant\u00eda<\/li>\n<li>Alto x Ancho x Profundidad: 84,5 cm x 62,5 cm x 63,5 cm<\/li>\n<li>Sistema de secado a resistencia<\/li>\n<li>Ducto de ventilaci\u00f3n posterior (incluye kit)<\/li>\n<li>Obs.Ducto de ventilaci\u00f3n es necesario para la instalaci\u00f3n es espacios cerrados<\/li>\n<li>3 opciones de ventilaci\u00f3n frontal y posterior<\/li>\n<\/ul>\n","protected":false},"featured_media":2723,"comment_status":"open","ping_status":"closed","template":"","meta":{"site-sidebar-layout":"default","site-content-layout":"","ast-site-content-layout":"default","site-content-style":"default","site-sidebar-style":"default","ast-global-header-display":"","ast-banner-title-visibility":"","ast-main-header-display":"","ast-hfb-above-header-display":"","ast-hfb-below-header-display":"","ast-hfb-mobile-header-display":"","site-post-title":"","ast-breadcrumbs-content":"","ast-featured-img":"","footer-sml-layout":"","theme-transparent-header-meta":"default","adv-header-id-meta":"","stick-header-meta":"","header-above-stick-meta":"","header-main-stick-meta":"","header-below-stick-meta":"","astra-migrate-meta-layouts":"set","ast-page-background-enabled":"default","ast-page-background-meta":{"desktop":{"background-color":"var(--ast-global-color-4)","background-image":"","background-repeat":"repeat","background-position":"center center","background-size":"auto","background-attachment":"scroll","background-type":"","background-media":"","overlay-type":"","overlay-color":"","overlay-opacity":"","overlay-gradient":""},"tablet":{"background-color":"","background-image":"","background-repeat":"repeat","background-position":"center center","background-size":"auto","background-attachment":"scroll","background-type":"","background-media":"","overlay-type":"","overlay-color":"","overlay-opacity":"","overlay-gradient":""},"mobile":{"background-color":"","background-image":"","background-repeat":"repeat","background-position":"center center","background-size":"auto","background-attachment":"scroll","background-type":"","background-media":"","overlay-type":"","overlay-color":"","overlay-opacity":"","overlay-gradient":""}},"ast-content-background-meta":{"desktop":{"background-color":"var(--ast-global-color-5)","background-image":"","background-repeat":"repeat","background-position":"center center","background-size":"auto","background-attachment":"scroll","background-type":"","background-media":"","overlay-type":"","overlay-color":"","overlay-opacity":"","overlay-gradient":""},"tablet":{"background-color":"var(--ast-global-color-5)","background-image":"","background-repeat":"repeat","background-position":"center center","background-size":"auto","background-attachment":"scroll","background-type":"","background-media":"","overlay-type":"","overlay-color":"","overlay-opacity":"","overlay-gradient":""},"mobile":{"background-color":"var(--ast-global-color-5)","background-image":"","background-repeat":"repeat","background-position":"center center","background-size":"auto","background-attachment":"scroll","background-type":"","background-media":"","overlay-type":"","overlay-color":"","overlay-opacity":"","overlay-gradient":""}}},"product_cat":[34,35],"product_tag":[],"_links":{"self":[{"href":"https:\/\/www.cvsolutions.com.py\/index.php?rest_route=\/wp\/v2\/product\/2717"}],"collection":[{"href":"https:\/\/www.cvsolutions.com.py\/index.php?rest_route=\/wp\/v2\/product"}],"about":[{"href":"https:\/\/www.cvsolutions.com.py\/index.php?rest_route=\/wp\/v2\/types\/product"}],"replies":[{"embeddable":true,"href":"https:\/\/www.cvsolutions.com.py\/index.php?rest_route=%2Fwp%2Fv2%2Fcomments&post=2717"}],"wp:featuredmedia":[{"embeddable":true,"href":"https:\/\/www.cvsolutions.com.py\/index.php?rest_route=\/wp\/v2\/media\/2723"}],"wp:attachment":[{"href":"https:\/\/www.cvsolutions.com.py\/index.php?rest_route=%2Fwp%2Fv2%2Fmedia&parent=2717"}],"wp:term":[{"taxonomy":"product_cat","embeddable":true,"href":"https:\/\/www.cvsolutions.com.py\/index.php?rest_route=%2Fwp%2Fv2%2Fproduct_cat&post=2717"},{"taxonomy":"product_tag","embeddable":true,"href":"https:\/\/www.cvsolutions.com.py\/index.php?rest_route=%2Fwp%2Fv2%2Fproduct_tag&post=2717"}],"curies":[{"name":"wp","href":"https:\/\/api.w.org\/{rel}","templated":true}]}}