{"id":2930,"date":"2025-08-05T18:02:01","date_gmt":"2025-08-05T16:02:01","guid":{"rendered":"https:\/\/www.cvsolutions.com.py\/?post_type=product&#038;p=2930"},"modified":"2025-08-05T18:02:01","modified_gmt":"2025-08-05T16:02:01","slug":"cafetera-krups-esp-evidencetitanxs6000-ea894t10-recip-leche-1450w-c-adaptador","status":"publish","type":"product","link":"https:\/\/www.cvsolutions.com.py\/?product=cafetera-krups-esp-evidencetitanxs6000-ea894t10-recip-leche-1450w-c-adaptador","title":{"rendered":"CAFETERA KRUPS ESP EVIDENCE+TITAN+XS6000 EA894T10 + RECIP LECHE 1450W C\/ADAPTADOR"},"content":{"rendered":"<p data-start=\"190\" data-end=\"659\"><strong data-start=\"190\" data-end=\"253\">Reinvent\u00e1 tu rutina con la experiencia definitiva del caf\u00e9.<\/strong><br data-start=\"253\" data-end=\"256\" \/>La <strong data-start=\"259\" data-end=\"307\">Cafetera Espresso Autom\u00e1tica Krups Evidence+<\/strong> eleva cada taza con calidad de barista, directamente en tu hogar. Gracias a su <strong data-start=\"387\" data-end=\"431\">pantalla OLED con panel t\u00e1ctil intuitivo<\/strong>, preparar tu caf\u00e9 ideal nunca fue tan f\u00e1cil. Su tecnolog\u00eda exclusiva <strong data-start=\"501\" data-end=\"524\">KRUPS Quattro Force<\/strong> optimiza cada etapa del proceso \u2014desde la molienda hasta la limpieza\u2014 para ofrecer un caf\u00e9 de sabor excepcional y siempre consistente.<\/p>\n<p data-start=\"661\" data-end=\"754\">Disfrut\u00e1 de espressos intensos, cappuccinos cremosos y lattes suaves con solo tocar un bot\u00f3n.<\/p>\n","protected":false},"excerpt":{"rendered":"<h5 class=\"tt-collapse-title\">Descripci\u00f3n<\/h5>\n<p class=\"tt-collapse-content tt-collapse-text-ficha\">* Prepara dos espressos a la vez.<br \/>\n* Panel touch y pantalla OLED.<br \/>\n* 6 bebidas preestablecidas.<br \/>\n* Dep\u00f3sito de agua de 2,3 litros<br \/>\n* Dep\u00f3sito de caf\u00e9 de 260 gr.<br \/>\n* Incluye jarra de leche para preparaciones a base de caf\u00e9 y leche.<\/p>\n","protected":false},"featured_media":2935,"comment_status":"open","ping_status":"closed","template":"","meta":{"site-sidebar-layout":"default","site-content-layout":"","ast-site-content-layout":"default","site-content-style":"default","site-sidebar-style":"default","ast-global-header-display":"","ast-banner-title-visibility":"","ast-main-header-display":"","ast-hfb-above-header-display":"","ast-hfb-below-header-display":"","ast-hfb-mobile-header-display":"","site-post-title":"","ast-breadcrumbs-content":"","ast-featured-img":"","footer-sml-layout":"","theme-transparent-header-meta":"default","adv-header-id-meta":"","stick-header-meta":"","header-above-stick-meta":"","header-main-stick-meta":"","header-below-stick-meta":"","astra-migrate-meta-layouts":"set","ast-page-background-enabled":"default","ast-page-background-meta":{"desktop":{"background-color":"var(--ast-global-color-4)","background-image":"","background-repeat":"repeat","background-position":"center center","background-size":"auto","background-attachment":"scroll","background-type":"","background-media":"","overlay-type":"","overlay-color":"","overlay-opacity":"","overlay-gradient":""},"tablet":{"background-color":"","background-image":"","background-repeat":"repeat","background-position":"center center","background-size":"auto","background-attachment":"scroll","background-type":"","background-media":"","overlay-type":"","overlay-color":"","overlay-opacity":"","overlay-gradient":""},"mobile":{"background-color":"","background-image":"","background-repeat":"repeat","background-position":"center center","background-size":"auto","background-attachment":"scroll","background-type":"","background-media":"","overlay-type":"","overlay-color":"","overlay-opacity":"","overlay-gradient":""}},"ast-content-background-meta":{"desktop":{"background-color":"var(--ast-global-color-5)","background-image":"","background-repeat":"repeat","background-position":"center center","background-size":"auto","background-attachment":"scroll","background-type":"","background-media":"","overlay-type":"","overlay-color":"","overlay-opacity":"","overlay-gradient":""},"tablet":{"background-color":"var(--ast-global-color-5)","background-image":"","background-repeat":"repeat","background-position":"center center","background-size":"auto","background-attachment":"scroll","background-type":"","background-media":"","overlay-type":"","overlay-color":"","overlay-opacity":"","overlay-gradient":""},"mobile":{"background-color":"var(--ast-global-color-5)","background-image":"","background-repeat":"repeat","background-position":"center center","background-size":"auto","background-attachment":"scroll","background-type":"","background-media":"","overlay-type":"","overlay-color":"","overlay-opacity":"","overlay-gradient":""}}},"product_cat":[23,20],"product_tag":[],"_links":{"self":[{"href":"https:\/\/www.cvsolutions.com.py\/index.php?rest_route=\/wp\/v2\/product\/2930"}],"collection":[{"href":"https:\/\/www.cvsolutions.com.py\/index.php?rest_route=\/wp\/v2\/product"}],"about":[{"href":"https:\/\/www.cvsolutions.com.py\/index.php?rest_route=\/wp\/v2\/types\/product"}],"replies":[{"embeddable":true,"href":"https:\/\/www.cvsolutions.com.py\/index.php?rest_route=%2Fwp%2Fv2%2Fcomments&post=2930"}],"wp:featuredmedia":[{"embeddable":true,"href":"https:\/\/www.cvsolutions.com.py\/index.php?rest_route=\/wp\/v2\/media\/2935"}],"wp:attachment":[{"href":"https:\/\/www.cvsolutions.com.py\/index.php?rest_route=%2Fwp%2Fv2%2Fmedia&parent=2930"}],"wp:term":[{"taxonomy":"product_cat","embeddable":true,"href":"https:\/\/www.cvsolutions.com.py\/index.php?rest_route=%2Fwp%2Fv2%2Fproduct_cat&post=2930"},{"taxonomy":"product_tag","embeddable":true,"href":"https:\/\/www.cvsolutions.com.py\/index.php?rest_route=%2Fwp%2Fv2%2Fproduct_tag&post=2930"}],"curies":[{"name":"wp","href":"https:\/\/api.w.org\/{rel}","templated":true}]}}