{"id":3198,"date":"2025-09-25T17:40:11","date_gmt":"2025-09-25T15:40:11","guid":{"rendered":"https:\/\/www.cvsolutions.com.py\/?post_type=product&#038;p=3198"},"modified":"2025-09-25T17:40:11","modified_gmt":"2025-09-25T15:40:11","slug":"sommier-matrimonial-suenolar-new-terra-suave-160x200-cm-confort-premium","status":"publish","type":"product","link":"https:\/\/www.cvsolutions.com.py\/?product=sommier-matrimonial-suenolar-new-terra-suave-160x200-cm-confort-premium","title":{"rendered":"Sommier Matrimonial Sue\u00f1olar New Terra Suave 160&#215;200 cm \u2013 Confort Premium"},"content":{"rendered":"<p>Descans\u00e1 con la m\u00e1xima comodidad con el <strong data-start=\"369\" data-end=\"405\">Sommier Sue\u00f1olar New Terra Suave<\/strong> en tama\u00f1o <strong data-start=\"416\" data-end=\"430\">160&#215;200 cm<\/strong>. Dise\u00f1ado con tecnolog\u00eda de soporte avanzado y terminaciones de alta calidad, garantiza un sue\u00f1o reparador todas las noches.<\/p>\n","protected":false},"excerpt":{"rendered":"<h5 data-start=\"564\" data-end=\"600\">Caracter\u00edsticas principales<\/h5>\n<ul data-start=\"601\" data-end=\"1020\">\n<li data-start=\"601\" data-end=\"624\">\n<p data-start=\"603\" data-end=\"624\"><strong data-start=\"603\" data-end=\"613\">Marca:<\/strong> Sue\u00f1olar<\/p>\n<\/li>\n<li data-start=\"625\" data-end=\"656\">\n<p data-start=\"627\" data-end=\"656\"><strong data-start=\"627\" data-end=\"638\">Modelo:<\/strong> New Terra Suave<\/p>\n<\/li>\n<li data-start=\"657\" data-end=\"708\">\n<p data-start=\"659\" data-end=\"708\"><strong data-start=\"659\" data-end=\"670\">Tama\u00f1o:<\/strong> 160&#215;200 cm (matrimonial\/queen size)<\/p>\n<\/li>\n<li data-start=\"709\" data-end=\"794\">\n<p data-start=\"711\" data-end=\"794\"><strong data-start=\"711\" data-end=\"732\">Nivel de firmeza:<\/strong> Suave (ideal para quienes prefieren una superficie mullida)<\/p>\n<\/li>\n<li data-start=\"795\" data-end=\"877\">\n<p data-start=\"797\" data-end=\"877\"><strong data-start=\"797\" data-end=\"812\">Estructura:<\/strong> Resorte de alta durabilidad con sistema de soporte equilibrado<\/p>\n<\/li>\n<li data-start=\"878\" data-end=\"939\">\n<p data-start=\"880\" data-end=\"939\"><strong data-start=\"880\" data-end=\"889\">Tela:<\/strong> Tapizado resistente y de textura suave al tacto<\/p>\n<\/li>\n<li data-start=\"940\" data-end=\"1020\">\n<p data-start=\"942\" data-end=\"1020\"><strong data-start=\"942\" data-end=\"962\">Beneficio clave:<\/strong> Confort premium y dise\u00f1o pensado para un descanso pleno<\/p>\n<\/li>\n<\/ul>\n","protected":false},"featured_media":3199,"comment_status":"open","ping_status":"closed","template":"","meta":{"site-sidebar-layout":"default","site-content-layout":"","ast-site-content-layout":"default","site-content-style":"default","site-sidebar-style":"default","ast-global-header-display":"","ast-banner-title-visibility":"","ast-main-header-display":"","ast-hfb-above-header-display":"","ast-hfb-below-header-display":"","ast-hfb-mobile-header-display":"","site-post-title":"","ast-breadcrumbs-content":"","ast-featured-img":"","footer-sml-layout":"","theme-transparent-header-meta":"default","adv-header-id-meta":"","stick-header-meta":"","header-above-stick-meta":"","header-main-stick-meta":"","header-below-stick-meta":"","astra-migrate-meta-layouts":"set","ast-page-background-enabled":"default","ast-page-background-meta":{"desktop":{"background-color":"var(--ast-global-color-4)","background-image":"","background-repeat":"repeat","background-position":"center center","background-size":"auto","background-attachment":"scroll","background-type":"","background-media":"","overlay-type":"","overlay-color":"","overlay-opacity":"","overlay-gradient":""},"tablet":{"background-color":"","background-image":"","background-repeat":"repeat","background-position":"center center","background-size":"auto","background-attachment":"scroll","background-type":"","background-media":"","overlay-type":"","overlay-color":"","overlay-opacity":"","overlay-gradient":""},"mobile":{"background-color":"","background-image":"","background-repeat":"repeat","background-position":"center center","background-size":"auto","background-attachment":"scroll","background-type":"","background-media":"","overlay-type":"","overlay-color":"","overlay-opacity":"","overlay-gradient":""}},"ast-content-background-meta":{"desktop":{"background-color":"var(--ast-global-color-5)","background-image":"","background-repeat":"repeat","background-position":"center center","background-size":"auto","background-attachment":"scroll","background-type":"","background-media":"","overlay-type":"","overlay-color":"","overlay-opacity":"","overlay-gradient":""},"tablet":{"background-color":"var(--ast-global-color-5)","background-image":"","background-repeat":"repeat","background-position":"center center","background-size":"auto","background-attachment":"scroll","background-type":"","background-media":"","overlay-type":"","overlay-color":"","overlay-opacity":"","overlay-gradient":""},"mobile":{"background-color":"var(--ast-global-color-5)","background-image":"","background-repeat":"repeat","background-position":"center center","background-size":"auto","background-attachment":"scroll","background-type":"","background-media":"","overlay-type":"","overlay-color":"","overlay-opacity":"","overlay-gradient":""}}},"product_cat":[96,76],"product_tag":[],"_links":{"self":[{"href":"https:\/\/www.cvsolutions.com.py\/index.php?rest_route=\/wp\/v2\/product\/3198"}],"collection":[{"href":"https:\/\/www.cvsolutions.com.py\/index.php?rest_route=\/wp\/v2\/product"}],"about":[{"href":"https:\/\/www.cvsolutions.com.py\/index.php?rest_route=\/wp\/v2\/types\/product"}],"replies":[{"embeddable":true,"href":"https:\/\/www.cvsolutions.com.py\/index.php?rest_route=%2Fwp%2Fv2%2Fcomments&post=3198"}],"wp:featuredmedia":[{"embeddable":true,"href":"https:\/\/www.cvsolutions.com.py\/index.php?rest_route=\/wp\/v2\/media\/3199"}],"wp:attachment":[{"href":"https:\/\/www.cvsolutions.com.py\/index.php?rest_route=%2Fwp%2Fv2%2Fmedia&parent=3198"}],"wp:term":[{"taxonomy":"product_cat","embeddable":true,"href":"https:\/\/www.cvsolutions.com.py\/index.php?rest_route=%2Fwp%2Fv2%2Fproduct_cat&post=3198"},{"taxonomy":"product_tag","embeddable":true,"href":"https:\/\/www.cvsolutions.com.py\/index.php?rest_route=%2Fwp%2Fv2%2Fproduct_tag&post=3198"}],"curies":[{"name":"wp","href":"https:\/\/api.w.org\/{rel}","templated":true}]}}