{"id":68,"date":"2024-06-19T15:45:51","date_gmt":"2024-06-19T13:45:51","guid":{"rendered":"https:\/\/www.cvsolutions.com.py\/?post_type=product&#038;p=68"},"modified":"2024-09-06T21:15:29","modified_gmt":"2024-09-06T19:15:29","slug":"freidora-air-fryer-britania-5lts-rosa-220v-bfr40rs-50-60hz","status":"publish","type":"product","link":"https:\/\/www.cvsolutions.com.py\/?product=freidora-air-fryer-britania-5lts-rosa-220v-bfr40rs-50-60hz","title":{"rendered":"FREIDORA AIR FRY DIGITAL 5LTS BRITANIA BFR41PI"},"content":{"rendered":"<h4>Freidora Britania. Flujo de aire 360\u00b0, con panel digital y temporizador de 60 minutos. Aprovecha toda la practicidad que la freidora de aire BFR41PI Digital Inox Air 1500W . Preparaciones r\u00e1pidas para quienes no quieren pasar mucho tiempo en la cocina. La incre\u00edble potencia de 1500W de la Freidora permite la preparaci\u00f3n de los m\u00e1s variados alimentos, con control de temperatura y rango entre 80 y 200 \u00b0C.<\/h4>\n","protected":false},"excerpt":{"rendered":"<p>\u2022<strong>  Amplia Capacidad de 5 Litros.<\/strong><br \/>\n\u2022 Selector de temperatura con ajuste de 80 a 200\u00b0C<br \/>\n\u2022 Temporizador de 60 minutos<br \/>\n\u2022 Capacidad de 5 litros<br \/>\n\u2022 Indicadores luminosos de funcionamiento &#8211; naranja<br \/>\n\u2022 Base antideslizante<br \/>\n\u2022 Cesta cuadrada<\/p>\n","protected":false},"featured_media":850,"comment_status":"open","ping_status":"closed","template":"","meta":{"site-sidebar-layout":"default","site-content-layout":"","ast-site-content-layout":"default","site-content-style":"default","site-sidebar-style":"default","ast-global-header-display":"","ast-banner-title-visibility":"","ast-main-header-display":"","ast-hfb-above-header-display":"","ast-hfb-below-header-display":"","ast-hfb-mobile-header-display":"","site-post-title":"","ast-breadcrumbs-content":"","ast-featured-img":"","footer-sml-layout":"","theme-transparent-header-meta":"default","adv-header-id-meta":"","stick-header-meta":"","header-above-stick-meta":"","header-main-stick-meta":"","header-below-stick-meta":"","astra-migrate-meta-layouts":"set","ast-page-background-enabled":"default","ast-page-background-meta":{"desktop":{"background-color":"var(--ast-global-color-4)","background-image":"","background-repeat":"repeat","background-position":"center center","background-size":"auto","background-attachment":"scroll","background-type":"","background-media":"","overlay-type":"","overlay-color":"","overlay-opacity":"","overlay-gradient":""},"tablet":{"background-color":"","background-image":"","background-repeat":"repeat","background-position":"center center","background-size":"auto","background-attachment":"scroll","background-type":"","background-media":"","overlay-type":"","overlay-color":"","overlay-opacity":"","overlay-gradient":""},"mobile":{"background-color":"","background-image":"","background-repeat":"repeat","background-position":"center center","background-size":"auto","background-attachment":"scroll","background-type":"","background-media":"","overlay-type":"","overlay-color":"","overlay-opacity":"","overlay-gradient":""}},"ast-content-background-meta":{"desktop":{"background-color":"var(--ast-global-color-5)","background-image":"","background-repeat":"repeat","background-position":"center center","background-size":"auto","background-attachment":"scroll","background-type":"","background-media":"","overlay-type":"","overlay-color":"","overlay-opacity":"","overlay-gradient":""},"tablet":{"background-color":"var(--ast-global-color-5)","background-image":"","background-repeat":"repeat","background-position":"center center","background-size":"auto","background-attachment":"scroll","background-type":"","background-media":"","overlay-type":"","overlay-color":"","overlay-opacity":"","overlay-gradient":""},"mobile":{"background-color":"var(--ast-global-color-5)","background-image":"","background-repeat":"repeat","background-position":"center center","background-size":"auto","background-attachment":"scroll","background-type":"","background-media":"","overlay-type":"","overlay-color":"","overlay-opacity":"","overlay-gradient":""}}},"product_cat":[70,20],"product_tag":[],"_links":{"self":[{"href":"https:\/\/www.cvsolutions.com.py\/index.php?rest_route=\/wp\/v2\/product\/68"}],"collection":[{"href":"https:\/\/www.cvsolutions.com.py\/index.php?rest_route=\/wp\/v2\/product"}],"about":[{"href":"https:\/\/www.cvsolutions.com.py\/index.php?rest_route=\/wp\/v2\/types\/product"}],"replies":[{"embeddable":true,"href":"https:\/\/www.cvsolutions.com.py\/index.php?rest_route=%2Fwp%2Fv2%2Fcomments&post=68"}],"wp:featuredmedia":[{"embeddable":true,"href":"https:\/\/www.cvsolutions.com.py\/index.php?rest_route=\/wp\/v2\/media\/850"}],"wp:attachment":[{"href":"https:\/\/www.cvsolutions.com.py\/index.php?rest_route=%2Fwp%2Fv2%2Fmedia&parent=68"}],"wp:term":[{"taxonomy":"product_cat","embeddable":true,"href":"https:\/\/www.cvsolutions.com.py\/index.php?rest_route=%2Fwp%2Fv2%2Fproduct_cat&post=68"},{"taxonomy":"product_tag","embeddable":true,"href":"https:\/\/www.cvsolutions.com.py\/index.php?rest_route=%2Fwp%2Fv2%2Fproduct_tag&post=68"}],"curies":[{"name":"wp","href":"https:\/\/api.w.org\/{rel}","templated":true}]}}